ors of v.
5
Suppose -5*f + 98 = -4*k, -5*f + 3*k + 48 = -48. What are the prime factors of f?
2, 3
Let i = 6 + -4. Let k(n) = -n**3 + 0*n**2 + 3 - 6*n**2 + 3*n**i. What are the prime factors of k(-3)?
3
Let n = 75 + 79. List the prime factors of n.
2, 7, 11
Suppose -6*s + 5*k = -s - 30, 0 = -s + 4*k + 18. List the prime factors of s + (1 - (2 - 35)).
2, 3
Let y be (16*1)/2 - -1. Let p = -3 + y. Let b = 13 - p. What are the prime factors of b?
7
Let u = 23 + -41. List the prime factors of ((-4)/6)/(4/u).
3
Suppose -f = -0*f + 2*i + 3, 0 = 2*f - 3*i - 29. Let k = f + -3. Suppose 2*s + 4*q - 30 = -0*s, 2*q = k. What are the prime factors of s?
11
Suppose -3*t = 0, 2*r - 4 = -4*t + 2*t. Let m be r/(-9) + (-29)/(-9). Suppose m*l = -0*l + 9. What are the prime factors of l?
3
Let p(k) = 2*k**3 - 2*k**2 + 2*k. Let b(l) = -l**2 + 6*l + 7. Let i be b(5). Let o be ((-2)/4)/((-3)/i). What are the prime factors of p(o)?
2, 3
Suppose 4*w + 4 = -q + 28, 5*w = -5*q + 90. What are the prime factors of q?
2
Let b(k) = 14*k**2 - k + 1. Let d(a) = -69*a**2 + 5*a - 6. Let v(q) = 11*b(q) + 2*d(q). Let o be v(-1). Suppose -l - l = -o. What are the prime factors of l?
2
Suppose 133 = -3*d + 4*d. What are the prime factors of d?
7, 19
Let v(l) = -6*l - 2. Let q(r) = -3*r - 1. Let a(m) = -5*q(m) + 3*v(m). What are the prime factors of a(-1)?
2
Let q = -38 + 8. Let n = 7 - q. List the prime factors of n.
37
Suppose 4*g - 60 = -2*c, g - 7*c = -3*c - 3. What are the prime factors of g?
13
Let q(s) be the second derivative of s**4/12 + 7*s**3/6 + 3*s**2 + 2*s. Let p be q(-6). Let m(i) = i + 2. What are the prime factors of m(p)?
2
Suppose 3*p + 5*x = 1, 0 = 3*p - 2*x - 2*x - 10. Let f = p + -7. Let h = f - -17. What are the prime factors of h?
2, 3
Let w be (-3)/1*10/(-15). Suppose -r - w = -1. List the prime factors of 21/r*(-2)/6.
7
Let t(n) = 22*n + 16. Let y be t(7). Suppose 6*i = i + y. List the prime factors of i.
2, 17
What are the prime factors of (1 - -5)*3/6?
3
Suppose 7*y = -4*a + 4*y + 14, -2*y = 4. Suppose -a*d + d = 0, -2*d + 85 = 5*j. List the prime factors of j.
17
Suppose 6*k = 3*k + 60. List the prime factors of k.
2, 5
Suppose -5*t + 35 = s, 3 + 2 = 5*t. List the prime factors of s.
2, 3, 5
List the prime factors of 9/(-3) - (-103 + -1).
101
Suppose -25 = -4*b - 9. Suppose -b*l + 10 + 38 = 0. What are the prime factors of l?
2, 3
Suppose -o - 3*a = -24, 17 + 63 = 3*o + 5*a. Suppose 2*z - 4*d = z + 6, -o = -5*z - 5*d. List the prime factors of z.
2, 3
Let j = 5 - 1. Suppose 20 = 4*f, h + 2*h = j*f - 5. What are the prime factors of h?
5
Let u = -94 - -49. Let x = -25 - u. What are the prime factors of x?
2, 5
Let v(u) = u**3 - 5*u**2 - u + 2. What are the prime factors of v(7)?
3, 31
Suppose 5*m - 3*w - 136 = 0, 5*m - 6*m - 4*w + 41 = 0. Let n = -11 + m. What are the prime factors of n?
2, 3
Let f(c) = c**2 - 5*c + 7. What are the prime factors of f(10)?
3, 19
Suppose -u + 21 = 3*s, 5*u = -3*s + u + 30. What are the prime factors of (s/(-8))/((-3)/36)?
3
Suppose 0 = -6*f + 4*f + 34. What are the prime factors of f?
17
What are the prime factors of (-4)/(-2) + 29 + 3?
2, 17
Suppose 2*q - 58 = x, 2*q - 2*x = 2*x + 52. Suppose 6*k - q = 3*k. Suppose 3*c + k = 34. What are the prime factors of c?
2
Let b be (5 - 3)/(4/(-6)). Suppose 2*x = x + 6. Let c = b + x. List the prime factors of c.
3
Suppose 0*h + 4*h - 8 = 0. Suppose 2*t = -h*t + 52. Suppose 0 = 5*x - 53 + t. List the prime factors of x.
2
Suppose 0 = 3*a - 9. Suppose a*k - 15 - 96 = 3*r, 22 = k + 4*r. What are the prime factors of k?
2, 17
Suppose 2*u - 2*z = 30, 5*u - 4*z + 23 = 93. Let c = -6 + u. Suppose -5*k - 4 + 24 = 4*s, 0 = c*k + 4*s - 12. What are the prime factors of k?
2
Suppose 0*p + 1 = p. List the prime factors of 19*2 - (p - 0).
37
Let k(z) = z**2 - 6*z - 3. Let s be k(6). Let x be -2 - 4/3*s. Suppose 3*f + x*f = 40. List the prime factors of f.
2
Let s = 326 - 162. List the prime factors of s.
2, 41
Let p = 6 - 3. Suppose -5*y = -p*y - 60. Let g = -18 + y. List the prime factors of g.
2, 3
Suppose -n + 5 = 2. Let q(z) = -5 + z**n - 6 + 3 + 6*z**2 - 2*z. What are the prime factors of q(-6)?
2
Suppose -965 = -7*h + 36. What are the prime factors of h?
11, 13
Let s(q) = -13*q**2 + 3*q - 3. Suppose -2*w - 10 = -0*w. Let p(c) = 20*c**2 - 5*c + 5. Let k(g) = w*p(g) - 8*s(g). List the prime factors of k(1).
2
Let s(t) = t**3 + 6*t**2 + t + 2. Suppose 2*z = b - 1, 0 = 2*z - 4 + 10. List the prime factors of s(b).
2, 11
Let p = -276 - -420. List the prime factors of p.
2, 3
Let j be (-120)/9*-2*3. List the prime factors of (36/(-15))/((-12)/j).
2
Let r be (-8)/(-60) - 1324/30. Let c = r + 78. List the prime factors of c.
2, 17
Suppose 3*z = 6*z + 9. Let w = -12 + 3. List the prime factors of (-1)/z - 96/w.
11
Suppose -r = 3*r + 44. Let k = -15 - r. List the prime factors of (-258)/(-21) - k/(-14).
2, 3
List the prime factors of (2/(-4))/((-4)/344).
43
Let z(s) = s**3 - 15*s**2 + 2*s - 7. Let y(h) = 3*h**3 - h**2 - 3*h + 1. Let n be y(2). List the prime factors of z(n).
23
Suppose -374 = -5*x - 14. What are the prime factors of x?
2, 3
Let c = 208 + -83. Suppose -2*v - 3*v = -c. Suppose -4*k = 5*m - 81, -3*k - 4*m + 87 = v. List the prime factors of k.
2, 7
Suppose t = 49 + 102. What are the prime factors of t?
151
Let x(t) = 28*t + 1. Let u be x(1). Let j = u + -19. List the prime factors of j.
2, 5
Let q(k) be the third derivative of -k**4/12 - 5*k**3/6 + 2*k**2. Let v be q(-4). Suppose v*h = 2*h + 15. List the prime factors of h.
3, 5
Let p(w) = w**2 - 4*w - 4. Let s be p(5). Let m be (-50)/(((-1)/s)/(-2)). List the prime factors of 1/(-2) + m/(-8).
2, 3
List the prime factors of 126 - -3 - 5 - 5.
7, 17
Suppose -2*g + 4 = -n - 2, 12 = -4*n + 5*g. Let m(p) = 3*p**2 + 2*p - 1. What are the prime factors of m(n)?
3, 5
Let r be (7/(-7))/(2/(-4)). Let o be ((-14)/4)/(r/(-8)). Suppose 2*b - o - 6 = 0. List the prime factors of b.
2, 5
Let q(v) = v - 7. Let d be 0 + 2/(2/9). Let j be q(d). Suppose s + 14 = j*s. List the prime factors of s.
2, 7
Suppose k = -k + 22. Suppose -k - 7 = -3*z. Suppose -3*b + 15 = z. List the prime factors of b.
3
Let b(k) = -4*k**3 + 21*k**2 - 26*k - 24. Let t(s) = s**3 - 7*s**2 + 9*s + 8. Let p(u) = -2*b(u) - 7*t(u). What are the prime factors of p(-8)?
2
Let z = -38 - -77. List the prime factors of z.
3, 13
Let s be 10/4*4/5. Suppose 3*t - c - 4 = -3, -s*c = -t + 2. Suppose h - 10 + 2 = t. What are the prime factors of h?
2
Let i(q) = 1 - 4*q + 7*q - 3. What are the prime factors of i(4)?
2, 5
Let v(x) = -x**2 + 2*x + 1. Let b be v(2). Let n be (-3)/9*b*0. Suppose -3*a + 6*a - 24 = n. What are the prime factors of a?
2
List the prime factors of (29/(-2))/((-4)/8).
29
Let a = -1 + 4. Suppose 53 = c + c - r, 0 = a*c - 4*r - 67. What are the prime factors of c?
29
Let n = 86 - 60. List the prime factors of n.
2, 13
Let n(p) = 3*p**2 - 3*p - 20. List the prime factors of n(5).
2, 5
Suppose 0 = 2*g + 3*v - 154, -3*v = -5*g - v + 423. What are the prime factors of g?
83
Suppose b + 7 = -4*i + 23, -b = 5*i - 15. Suppose -2*g - 4 = -b. List the prime factors of g.
2
Let c be ((-4)/((-8)/6))/1. Let n be (3 - c)/(1/1). Suppose -2*h + n*h + 32 = 0. What are the prime factors of h?
2
Let w be 4/(-5) - (-24)/30. Suppose w*n = -4*n + 48. What are the prime factors of n?
2, 3
Let r(k) = 5*k + 1. Let y be r(1). Suppose 2*n = -3*n + 15. Suppose y*j - 20 = -n*h + 2*j, -j + 44 = 4*h. List the prime factors of h.
2, 3
Let m = -8 + 13. Suppose 5*b = -4*s + 6*b + m, -4*b - 20 = -3*s. Suppose s = a - 4 - 3. What are the prime factors of a?
7
Let d(g) = g + 36. List the prime factors of d(-17).
19
List the prime factors of (1064/(-10))/(-4) - 2/(-5).
3
Let r = 6 - 29. Let g = 43 + r. What are the prime factors of g?
2, 5
Let u(j) = -2*j**2 + 14*j - 8. What are the prime factors of u(6)?
2
Let y(i) = -7*i - 6. Let c(w) = -w - 1. Let m(p) = -2*c(p) + y(p). Suppose 23 - 5 = -6*f. What are the prime factors of m(f)?
11
Suppose 3*p = 3*o + 2*o + 50, -2*p + 25 = -5*o. Suppose -5*w = -w + 60. Let t = p + w. List the prime factors of t.
2, 5
Suppose -7*j + 2*j - 90 = 0. Let s(q) = 2*q**2 - 9*q + 9. Let w be s(6). Let t = j + w. What are the prime factors of t?
3
Let d(h) = 2*h**2 + h + 5. List 